{"id":354,"date":"2023-03-24T12:39:04","date_gmt":"2023-03-24T12:39:04","guid":{"rendered":"https:\/\/thirsty-driscoll.82-98-162-131.plesk.page\/?page_id=354"},"modified":"2023-04-28T09:53:39","modified_gmt":"2023-04-28T09:53:39","slug":"contacto","status":"publish","type":"page","link":"https:\/\/casadelasepia.es\/index.php\/contacto\/","title":{"rendered":"Contacto"},"content":{"rendered":"\t\t<div data-elementor-type=\"wp-page\" data-elementor-id=\"354\" class=\"elementor elementor-354\">\n\t\t\t\t\t\t<section class=\"elementor-section elementor-top-section elementor-element elementor-element-45ee68d5 elementor-section-full_width elementor-section-height-default elementor-section-height-default wpr-particle-no wpr-jarallax-no wpr-parallax-no wpr-sticky-section-no\" data-id=\"45ee68d5\" data-element_type=\"section\" data-settings=\"{&quot;background_background&quot;:&quot;classic&quot;}\">\n\t\t\t\t\t\t<div class=\"elementor-container elementor-column-gap-default\">\n\t\t\t\t\t<div class=\"elementor-column elementor-col-100 elementor-top-column elementor-element elementor-element-3921dbc9\" data-id=\"3921dbc9\" data-element_type=\"column\">\n\t\t\t<div class=\"elementor-widget-wrap elementor-element-populated\">\n\t\t\t\t\t\t<section class=\"elementor-section elementor-inner-section elementor-element elementor-element-5fca9eaf elementor-section-boxed elementor-section-height-default elementor-section-height-default wpr-particle-no wpr-jarallax-no wpr-parallax-no wpr-sticky-section-no\" data-id=\"5fca9eaf\" data-element_type=\"section\">\n\t\t\t\t\t\t<div class=\"elementor-container elementor-column-gap-default\">\n\t\t\t\t\t<div class=\"elementor-column elementor-col-100 elementor-inner-column elementor-element elementor-element-334f4f36\" data-id=\"334f4f36\" data-element_type=\"column\">\n\t\t\t<div class=\"elementor-widget-wrap elementor-element-populated\">\n\t\t\t\t\t\t<div class=\"elementor-element elementor-element-46389257 elementor-widget elementor-widget-heading\" data-id=\"46389257\" data-element_type=\"widget\" data-widget_type=\"heading.default\">\n\t\t\t\t<div class=\"elementor-widget-container\">\n\t\t\t<style>\/*! elementor - v3.21.0 - 08-05-2024 *\/\n.elementor-heading-title{padding:0;margin:0;line-height:1}.elementor-widget-heading .elementor-heading-title[class*=elementor-size-]>a{color:inherit;font-size:inherit;line-height:inherit}.elementor-widget-heading .elementor-heading-title.elementor-size-small{font-size:15px}.elementor-widget-heading .elementor-heading-title.elementor-size-medium{font-size:19px}.elementor-widget-heading .elementor-heading-title.elementor-size-large{font-size:29px}.elementor-widget-heading .elementor-heading-title.elementor-size-xl{font-size:39px}.elementor-widget-heading .elementor-heading-title.elementor-size-xxl{font-size:59px}<\/style><h2 class=\"elementor-heading-title elementor-size-default\">Contacto<\/h2>\t\t<\/div>\n\t\t\t\t<\/div>\n\t\t\t\t<div class=\"elementor-element elementor-element-4b22d7e elementor-widget elementor-widget-text-editor\" data-id=\"4b22d7e\" data-element_type=\"widget\" data-widget_type=\"text-editor.default\">\n\t\t\t\t<div class=\"elementor-widget-container\">\n\t\t\t<style>\/*! elementor - v3.21.0 - 08-05-2024 *\/\n.elementor-widget-text-editor.elementor-drop-cap-view-stacked .elementor-drop-cap{background-color:#69727d;color:#fff}.elementor-widget-text-editor.elementor-drop-cap-view-framed .elementor-drop-cap{color:#69727d;border:3px solid;background-color:transparent}.elementor-widget-text-editor:not(.elementor-drop-cap-view-default) .elementor-drop-cap{margin-top:8px}.elementor-widget-text-editor:not(.elementor-drop-cap-view-default) .elementor-drop-cap-letter{width:1em;height:1em}.elementor-widget-text-editor .elementor-drop-cap{float:left;text-align:center;line-height:1;font-size:50px}.elementor-widget-text-editor .elementor-drop-cap-letter{display:inline-block}<\/style>\t\t\t\t<p>Inicio \u00bb Contacto<\/p>\t\t\t\t\t\t<\/div>\n\t\t\t\t<\/div>\n\t\t\t\t\t<\/div>\n\t\t<\/div>\n\t\t\t\t\t<\/div>\n\t\t<\/section>\n\t\t\t\t\t<\/div>\n\t\t<\/div>\n\t\t\t\t\t<\/div>\n\t\t<\/section>\n\t\t\t\t<section class=\"elementor-section elementor-top-section elementor-element elementor-element-d6a3dac elementor-section-boxed elementor-section-height-default elementor-section-height-default wpr-particle-no wpr-jarallax-no wpr-parallax-no wpr-sticky-section-no\" data-id=\"d6a3dac\" data-element_type=\"section\" data-settings=\"{&quot;background_background&quot;:&quot;classic&quot;}\">\n\t\t\t\t\t\t<div class=\"elementor-container elementor-column-gap-default\">\n\t\t\t\t\t<div class=\"elementor-column elementor-col-100 elementor-top-column elementor-element elementor-element-7f72f40\" data-id=\"7f72f40\" data-element_type=\"column\">\n\t\t\t<div class=\"elementor-widget-wrap elementor-element-populated\">\n\t\t\t\t\t\t<div class=\"elementor-element elementor-element-42d61a0 elementor-widget elementor-widget-spacer\" data-id=\"42d61a0\" data-element_type=\"widget\" data-widget_type=\"spacer.default\">\n\t\t\t\t<div class=\"elementor-widget-container\">\n\t\t\t<style>\/*! elementor - v3.21.0 - 08-05-2024 *\/\n.elementor-column .elementor-spacer-inner{height:var(--spacer-size)}.e-con{--container-widget-width:100%}.e-con-inner>.elementor-widget-spacer,.e-con>.elementor-widget-spacer{width:var(--container-widget-width,var(--spacer-size));--align-self:var(--container-widget-align-self,initial);--flex-shrink:0}.e-con-inner>.elementor-widget-spacer>.elementor-widget-container,.e-con>.elementor-widget-spacer>.elementor-widget-container{height:100%;width:100%}.e-con-inner>.elementor-widget-spacer>.elementor-widget-container>.elementor-spacer,.e-con>.elementor-widget-spacer>.elementor-widget-container>.elementor-spacer{height:100%}.e-con-inner>.elementor-widget-spacer>.elementor-widget-container>.elementor-spacer>.elementor-spacer-inner,.e-con>.elementor-widget-spacer>.elementor-widget-container>.elementor-spacer>.elementor-spacer-inner{height:var(--container-widget-height,var(--spacer-size))}.e-con-inner>.elementor-widget-spacer.elementor-widget-empty,.e-con>.elementor-widget-spacer.elementor-widget-empty{position:relative;min-height:22px;min-width:22px}.e-con-inner>.elementor-widget-spacer.elementor-widget-empty .elementor-widget-empty-icon,.e-con>.elementor-widget-spacer.elementor-widget-empty .elementor-widget-empty-icon{position:absolute;top:0;bottom:0;left:0;right:0;margin:auto;padding:0;width:22px;height:22px}<\/style>\t\t<div class=\"elementor-spacer\">\n\t\t\t<div class=\"elementor-spacer-inner\"><\/div>\n\t\t<\/div>\n\t\t\t\t<\/div>\n\t\t\t\t<\/div>\n\t\t\t\t\t<\/div>\n\t\t<\/div>\n\t\t\t\t\t<\/div>\n\t\t<\/section>\n\t\t\t\t<section class=\"elementor-section elementor-top-section elementor-element elementor-element-48a77872 elementor-section-boxed elementor-section-height-default elementor-section-height-default wpr-particle-no wpr-jarallax-no wpr-parallax-no wpr-sticky-section-no\" data-id=\"48a77872\" data-element_type=\"section\" data-settings=\"{&quot;background_background&quot;:&quot;classic&quot;}\">\n\t\t\t\t\t\t<div class=\"elementor-container elementor-column-gap-default\">\n\t\t\t\t\t<div class=\"elementor-column elementor-col-100 elementor-top-column elementor-element elementor-element-36bd3435\" data-id=\"36bd3435\" data-element_type=\"column\">\n\t\t\t<div class=\"elementor-widget-wrap elementor-element-populated\">\n\t\t\t\t\t\t<div class=\"elementor-element elementor-element-80332e9 elementor-widget elementor-widget-heading\" data-id=\"80332e9\" data-element_type=\"widget\" data-widget_type=\"heading.default\">\n\t\t\t\t<div class=\"elementor-widget-container\">\n\t\t\t<h2 class=\"elementor-heading-title elementor-size-default\">Localizaciones<\/h2>\t\t<\/div>\n\t\t\t\t<\/div>\n\t\t\t\t<section class=\"elementor-section elementor-inner-section elementor-element elementor-element-109b9cc elementor-section-full_width elementor-section-height-default elementor-section-height-default wpr-particle-no wpr-jarallax-no wpr-parallax-no wpr-sticky-section-no\" data-id=\"109b9cc\" data-element_type=\"section\">\n\t\t\t\t\t\t<div class=\"elementor-container elementor-column-gap-default\">\n\t\t\t\t\t<div class=\"elementor-column elementor-col-33 elementor-inner-column elementor-element elementor-element-ea7aebb\" data-id=\"ea7aebb\" data-element_type=\"column\">\n\t\t\t<div class=\"elementor-widget-wrap elementor-element-populated\">\n\t\t\t\t\t\t<div class=\"elementor-element elementor-element-89f0090 elementor-widget elementor-widget-image\" data-id=\"89f0090\" data-element_type=\"widget\" data-widget_type=\"image.default\">\n\t\t\t\t<div class=\"elementor-widget-container\">\n\t\t\t<style>\/*! elementor - v3.21.0 - 08-05-2024 *\/\n.elementor-widget-image{text-align:center}.elementor-widget-image a{display:inline-block}.elementor-widget-image a img[src$=\".svg\"]{width:48px}.elementor-widget-image img{vertical-align:middle;display:inline-block}<\/style>\t\t\t\t\t\t\t\t\t\t<img fetchpriority=\"high\" decoding=\"async\" width=\"683\" height=\"1024\" src=\"https:\/\/casadelasepia.es\/wp-content\/uploads\/2023\/04\/reservas-villa-del-prado.jpg\" class=\"attachment-large size-large wp-image-534\" alt=\"\" srcset=\"https:\/\/casadelasepia.es\/wp-content\/uploads\/2023\/04\/reservas-villa-del-prado.jpg 683w, https:\/\/casadelasepia.es\/wp-content\/uploads\/2023\/04\/reservas-villa-del-prado-200x300.jpg 200w, https:\/\/casadelasepia.es\/wp-content\/uploads\/2023\/04\/reservas-villa-del-prado-600x900.jpg 600w\" sizes=\"(max-width: 683px) 100vw, 683px\" \/>\t\t\t\t\t\t\t\t\t\t\t\t\t<\/div>\n\t\t\t\t<\/div>\n\t\t\t\t<div class=\"elementor-element elementor-element-3a9ca06 elementor-widget elementor-widget-heading\" data-id=\"3a9ca06\" data-element_type=\"widget\" data-widget_type=\"heading.default\">\n\t\t\t\t<div class=\"elementor-widget-container\">\n\t\t\t<h2 class=\"elementor-heading-title elementor-size-default\">VALLADOLID<\/h2>\t\t<\/div>\n\t\t\t\t<\/div>\n\t\t\t\t<div class=\"elementor-element elementor-element-b5f55d4 elementor-widget elementor-widget-text-editor\" data-id=\"b5f55d4\" data-element_type=\"widget\" data-widget_type=\"text-editor.default\">\n\t\t\t\t<div class=\"elementor-widget-container\">\n\t\t\t\t\t\t\t<p>Plaza la Rinaconada, Valladolid<br \/>983 38 35 26<\/p>\t\t\t\t\t\t<\/div>\n\t\t\t\t<\/div>\n\t\t\t\t<div class=\"elementor-element elementor-element-1327e60 elementor-align-center elementor-widget elementor-widget-button\" data-id=\"1327e60\" data-element_type=\"widget\" data-widget_type=\"button.default\">\n\t\t\t\t<div class=\"elementor-widget-container\">\n\t\t\t\t\t<div class=\"elementor-button-wrapper\">\n\t\t\t<a class=\"elementor-button elementor-button-link elementor-size-sm\" href=\"https:\/\/www.google.com\/maps\/place\/La+Casa+de+La+Sepia+y+El+Pulpo\/@41.6535107,-4.7335916,17z\/data=!3m1!4b1!4m6!3m5!1s0xd476def42dd4c35:0x2deec7d0c76ca4fb!8m2!3d41.6535108!4d-4.7291069!16s%2Fg%2F11h4c85pfp\">\n\t\t\t\t\t\t<span class=\"elementor-button-content-wrapper\">\n\t\t\t\t\t\t\t\t\t<span class=\"elementor-button-text\">Obtener direcci\u00f3n<\/span>\n\t\t\t\t\t<\/span>\n\t\t\t\t\t<\/a>\n\t\t<\/div>\n\t\t\t\t<\/div>\n\t\t\t\t<\/div>\n\t\t\t\t\t<\/div>\n\t\t<\/div>\n\t\t\t\t<div class=\"elementor-column elementor-col-33 elementor-inner-column elementor-element elementor-element-0efd72d\" data-id=\"0efd72d\" data-element_type=\"column\">\n\t\t\t<div class=\"elementor-widget-wrap elementor-element-populated\">\n\t\t\t\t\t\t<div class=\"elementor-element elementor-element-b96b972 elementor-widget elementor-widget-image\" data-id=\"b96b972\" data-element_type=\"widget\" data-widget_type=\"image.default\">\n\t\t\t\t<div class=\"elementor-widget-container\">\n\t\t\t\t\t\t\t\t\t\t\t\t\t<img decoding=\"async\" width=\"683\" height=\"1024\" src=\"https:\/\/casadelasepia.es\/wp-content\/uploads\/2023\/04\/lacasadelasepia-rinconada.jpg\" class=\"attachment-large size-large wp-image-532\" alt=\"\" srcset=\"https:\/\/casadelasepia.es\/wp-content\/uploads\/2023\/04\/lacasadelasepia-rinconada.jpg 683w, https:\/\/casadelasepia.es\/wp-content\/uploads\/2023\/04\/lacasadelasepia-rinconada-200x300.jpg 200w, https:\/\/casadelasepia.es\/wp-content\/uploads\/2023\/04\/lacasadelasepia-rinconada-600x900.jpg 600w\" sizes=\"(max-width: 683px) 100vw, 683px\" \/>\t\t\t\t\t\t\t\t\t\t\t\t\t<\/div>\n\t\t\t\t<\/div>\n\t\t\t\t<div class=\"elementor-element elementor-element-b0cf019 elementor-widget elementor-widget-heading\" data-id=\"b0cf019\" data-element_type=\"widget\" data-widget_type=\"heading.default\">\n\t\t\t\t<div class=\"elementor-widget-container\">\n\t\t\t<h2 class=\"elementor-heading-title elementor-size-default\">VALLADOLID<\/h2>\t\t<\/div>\n\t\t\t\t<\/div>\n\t\t\t\t<div class=\"elementor-element elementor-element-963c161 elementor-widget elementor-widget-text-editor\" data-id=\"963c161\" data-element_type=\"widget\" data-widget_type=\"text-editor.default\">\n\t\t\t\t<div class=\"elementor-widget-container\">\n\t\t\t\t\t\t\t<p>C\/Monasterio de Yuste 1, Valladolid<br \/>983 61 92 17<\/p>\t\t\t\t\t\t<\/div>\n\t\t\t\t<\/div>\n\t\t\t\t<div class=\"elementor-element elementor-element-c5a3839 elementor-align-center elementor-widget elementor-widget-button\" data-id=\"c5a3839\" data-element_type=\"widget\" data-widget_type=\"button.default\">\n\t\t\t\t<div class=\"elementor-widget-container\">\n\t\t\t\t\t<div class=\"elementor-button-wrapper\">\n\t\t\t<a class=\"elementor-button elementor-button-link elementor-size-sm\" href=\"https:\/\/www.google.com\/maps\/place\/La+Casa+de+la+Sepia+y+el+Pulpo+(Villa+del+Prado)\/@41.6439942,-4.7477191,17z\/data=!3m1!4b1!4m6!3m5!1s0xd476d1d970c5e77:0xed5217a196aad983!8m2!3d41.6439942!4d-4.7455304!16s%2Fg%2F11j3ks41z9\">\n\t\t\t\t\t\t<span class=\"elementor-button-content-wrapper\">\n\t\t\t\t\t\t\t\t\t<span class=\"elementor-button-text\">Obtener direcci\u00f3n<\/span>\n\t\t\t\t\t<\/span>\n\t\t\t\t\t<\/a>\n\t\t<\/div>\n\t\t\t\t<\/div>\n\t\t\t\t<\/div>\n\t\t\t\t\t<\/div>\n\t\t<\/div>\n\t\t\t\t<div class=\"elementor-column elementor-col-33 elementor-inner-column elementor-element elementor-element-1c74abd\" data-id=\"1c74abd\" data-element_type=\"column\">\n\t\t\t<div class=\"elementor-widget-wrap elementor-element-populated\">\n\t\t\t\t\t\t<div class=\"elementor-element elementor-element-9ad151a elementor-widget elementor-widget-image\" data-id=\"9ad151a\" data-element_type=\"widget\" data-widget_type=\"image.default\">\n\t\t\t\t<div class=\"elementor-widget-container\">\n\t\t\t\t\t\t\t\t\t\t\t\t\t<img decoding=\"async\" width=\"683\" height=\"1024\" src=\"https:\/\/casadelasepia.es\/wp-content\/uploads\/2023\/04\/palencia-reserva.jpg\" class=\"attachment-large size-large wp-image-533\" alt=\"\" srcset=\"https:\/\/casadelasepia.es\/wp-content\/uploads\/2023\/04\/palencia-reserva.jpg 683w, https:\/\/casadelasepia.es\/wp-content\/uploads\/2023\/04\/palencia-reserva-200x300.jpg 200w, https:\/\/casadelasepia.es\/wp-content\/uploads\/2023\/04\/palencia-reserva-600x900.jpg 600w\" sizes=\"(max-width: 683px) 100vw, 683px\" \/>\t\t\t\t\t\t\t\t\t\t\t\t\t<\/div>\n\t\t\t\t<\/div>\n\t\t\t\t<div class=\"elementor-element elementor-element-11ef995 elementor-widget elementor-widget-heading\" data-id=\"11ef995\" data-element_type=\"widget\" data-widget_type=\"heading.default\">\n\t\t\t\t<div class=\"elementor-widget-container\">\n\t\t\t<h2 class=\"elementor-heading-title elementor-size-default\">PALENCIA<\/h2>\t\t<\/div>\n\t\t\t\t<\/div>\n\t\t\t\t<div class=\"elementor-element elementor-element-cf774f2 elementor-widget elementor-widget-text-editor\" data-id=\"cf774f2\" data-element_type=\"widget\" data-widget_type=\"text-editor.default\">\n\t\t\t\t<div class=\"elementor-widget-container\">\n\t\t\t\t\t\t\t<p>C\/Patio del Casta\u00f1o 3, 34001 Palencia<br \/>979 74 08 73<\/p>\t\t\t\t\t\t<\/div>\n\t\t\t\t<\/div>\n\t\t\t\t<div class=\"elementor-element elementor-element-99d3068 elementor-align-center elementor-widget elementor-widget-button\" data-id=\"99d3068\" data-element_type=\"widget\" data-widget_type=\"button.default\">\n\t\t\t\t<div class=\"elementor-widget-container\">\n\t\t\t\t\t<div class=\"elementor-button-wrapper\">\n\t\t\t<a class=\"elementor-button elementor-button-link elementor-size-sm\" href=\"https:\/\/www.google.com\/maps\/place\/La+Casa+de+La+Sepia+y+El+Pulpo\/@42.0106009,-4.5359882,17z\/data=!3m1!4b1!4m6!3m5!1s0xd47b047a8fffffb:0x5eaa4e7f7cd19a6f!8m2!3d42.0106009!4d-4.5337995!16s%2Fg%2F11g9jk29hf\">\n\t\t\t\t\t\t<span class=\"elementor-button-content-wrapper\">\n\t\t\t\t\t\t\t\t\t<span class=\"elementor-button-text\">Obtener direcci\u00f3n<\/span>\n\t\t\t\t\t<\/span>\n\t\t\t\t\t<\/a>\n\t\t<\/div>\n\t\t\t\t<\/div>\n\t\t\t\t<\/div>\n\t\t\t\t\t<\/div>\n\t\t<\/div>\n\t\t\t\t\t<\/div>\n\t\t<\/section>\n\t\t\t\t<div class=\"elementor-element elementor-element-75bd26c elementor-widget elementor-widget-text-editor\" data-id=\"75bd26c\" data-element_type=\"widget\" data-widget_type=\"text-editor.default\">\n\t\t\t\t<div class=\"elementor-widget-container\">\n\t\t\t\t\t\t\t<p><br \/>Email: lacasadelasepia@lacasadelasepia.com<\/p>\t\t\t\t\t\t<\/div>\n\t\t\t\t<\/div>\n\t\t\t\t\t<\/div>\n\t\t<\/div>\n\t\t\t\t\t<\/div>\n\t\t<\/section>\n\t\t\t\t<\/div>\n\t\t","protected":false},"excerpt":{"rendered":"<p>Contacto Inicio \u00bb Contacto Localizaciones VALLADOLID Plaza la Rinaconada, Valladolid983 38 35 26 Obtener direcci\u00f3n VALLADOLID C\/Monasterio de Yuste 1, Valladolid983 61 92 17 Obtener direcci\u00f3n PALENCIA C\/Patio del Casta\u00f1o 3, 34001 Palencia979 74 08 73 Obtener direcci\u00f3n Email: lacasadelasepia@lacasadelasepia.com<\/p>\n","protected":false},"author":1,"featured_media":0,"parent":0,"menu_order":0,"comment_status":"closed","ping_status":"closed","template":"elementor_header_footer","meta":{"footnotes":""},"class_list":["post-354","page","type-page","status-publish","hentry"],"yoast_head":"<!-- This site is optimized with the Yoast SEO plugin v22.6 - https:\/\/yoast.com\/wordpress\/plugins\/seo\/ -->\n<title>Contacto - La Casa de la Sepia y el Pulpo<\/title>\n<meta name=\"description\" content=\"Bar Restaurante llevado a su m\u00e1xima expresi\u00f3n desde 1984. Cocina tradicional mezclada con la \u00faltima vanguardia\" \/>\n<meta name=\"robots\" content=\"index, follow, max-snippet:-1, max-image-preview:large, max-video-preview:-1\" \/>\n<link rel=\"canonical\" href=\"https:\/\/casadelasepia.es\/index.php\/contacto\/\" \/>\n<meta property=\"og:locale\" content=\"es_ES\" \/>\n<meta property=\"og:type\" content=\"article\" \/>\n<meta property=\"og:title\" content=\"Contacto - La Casa de la Sepia y el Pulpo\" \/>\n<meta property=\"og:description\" content=\"Bar Restaurante llevado a su m\u00e1xima expresi\u00f3n desde 1984. Cocina tradicional mezclada con la \u00faltima vanguardia\" \/>\n<meta property=\"og:url\" content=\"https:\/\/casadelasepia.es\/index.php\/contacto\/\" \/>\n<meta property=\"og:site_name\" content=\"La Casa de la Sepia y el Pulpo\" \/>\n<meta property=\"article:publisher\" content=\"https:\/\/www.facebook.com\/lacasadelasepiayelpulpo\" \/>\n<meta property=\"article:modified_time\" content=\"2023-04-28T09:53:39+00:00\" \/>\n<meta property=\"og:image\" content=\"https:\/\/casadelasepia.es\/wp-content\/uploads\/2023\/04\/reservas-villa-del-prado.jpg\" \/>\n<meta name=\"twitter:card\" content=\"summary_large_image\" \/>\n<script type=\"application\/ld+json\" class=\"yoast-schema-graph\">{\"@context\":\"https:\/\/schema.org\",\"@graph\":[{\"@type\":\"WebPage\",\"@id\":\"https:\/\/casadelasepia.es\/index.php\/contacto\/\",\"url\":\"https:\/\/casadelasepia.es\/index.php\/contacto\/\",\"name\":\"Contacto - La Casa de la Sepia y el Pulpo\",\"isPartOf\":{\"@id\":\"https:\/\/casadelasepia.es\/#website\"},\"primaryImageOfPage\":{\"@id\":\"https:\/\/casadelasepia.es\/index.php\/contacto\/#primaryimage\"},\"image\":{\"@id\":\"https:\/\/casadelasepia.es\/index.php\/contacto\/#primaryimage\"},\"thumbnailUrl\":\"https:\/\/casadelasepia.es\/wp-content\/uploads\/2023\/04\/reservas-villa-del-prado.jpg\",\"datePublished\":\"2023-03-24T12:39:04+00:00\",\"dateModified\":\"2023-04-28T09:53:39+00:00\",\"description\":\"Bar Restaurante llevado a su m\u00e1xima expresi\u00f3n desde 1984. Cocina tradicional mezclada con la \u00faltima vanguardia\",\"breadcrumb\":{\"@id\":\"https:\/\/casadelasepia.es\/index.php\/contacto\/#breadcrumb\"},\"inLanguage\":\"es\",\"potentialAction\":[{\"@type\":\"ReadAction\",\"target\":[\"https:\/\/casadelasepia.es\/index.php\/contacto\/\"]}]},{\"@type\":\"ImageObject\",\"inLanguage\":\"es\",\"@id\":\"https:\/\/casadelasepia.es\/index.php\/contacto\/#primaryimage\",\"url\":\"https:\/\/casadelasepia.es\/wp-content\/uploads\/2023\/04\/reservas-villa-del-prado.jpg\",\"contentUrl\":\"https:\/\/casadelasepia.es\/wp-content\/uploads\/2023\/04\/reservas-villa-del-prado.jpg\",\"width\":683,\"height\":1024},{\"@type\":\"BreadcrumbList\",\"@id\":\"https:\/\/casadelasepia.es\/index.php\/contacto\/#breadcrumb\",\"itemListElement\":[{\"@type\":\"ListItem\",\"position\":1,\"name\":\"Portada\",\"item\":\"https:\/\/casadelasepia.es\/\"},{\"@type\":\"ListItem\",\"position\":2,\"name\":\"Contacto\"}]},{\"@type\":\"WebSite\",\"@id\":\"https:\/\/casadelasepia.es\/#website\",\"url\":\"https:\/\/casadelasepia.es\/\",\"name\":\"La Casa de la Sepia y el Pulpo\",\"description\":\"Bar Restaurante llevado a su m\u00e1xima expresi\u00f3n desde 1984. Cocina tradicional mezclada con la \u00faltima vanguardia.\",\"publisher\":{\"@id\":\"https:\/\/casadelasepia.es\/#organization\"},\"alternateName\":\"La Casa de la Sepia y el Pulpo\",\"potentialAction\":[{\"@type\":\"SearchAction\",\"target\":{\"@type\":\"EntryPoint\",\"urlTemplate\":\"https:\/\/casadelasepia.es\/?s={search_term_string}\"},\"query-input\":\"required name=search_term_string\"}],\"inLanguage\":\"es\"},{\"@type\":\"Organization\",\"@id\":\"https:\/\/casadelasepia.es\/#organization\",\"name\":\"La Casa de la Sepia y el Pulpo\",\"alternateName\":\"La Casa de la Sepia y el Pulpo\",\"url\":\"https:\/\/casadelasepia.es\/\",\"logo\":{\"@type\":\"ImageObject\",\"inLanguage\":\"es\",\"@id\":\"https:\/\/casadelasepia.es\/#\/schema\/logo\/image\/\",\"url\":\"https:\/\/casadelasepia.es\/wp-content\/uploads\/2023\/03\/la-casa-de-la-sepia-y.jpg\",\"contentUrl\":\"https:\/\/casadelasepia.es\/wp-content\/uploads\/2023\/03\/la-casa-de-la-sepia-y.jpg\",\"width\":450,\"height\":450,\"caption\":\"La Casa de la Sepia y el Pulpo\"},\"image\":{\"@id\":\"https:\/\/casadelasepia.es\/#\/schema\/logo\/image\/\"},\"sameAs\":[\"https:\/\/www.facebook.com\/lacasadelasepiayelpulpo\",\"https:\/\/www.instagram.com\/lacasadelasepiayelpulpo\/\"]}]}<\/script>\n<!-- \/ Yoast SEO plugin. -->","yoast_head_json":{"title":"Contacto - La Casa de la Sepia y el Pulpo","description":"Bar Restaurante llevado a su m\u00e1xima expresi\u00f3n desde 1984. Cocina tradicional mezclada con la \u00faltima vanguardia","robots":{"index":"index","follow":"follow","max-snippet":"max-snippet:-1","max-image-preview":"max-image-preview:large","max-video-preview":"max-video-preview:-1"},"canonical":"https:\/\/casadelasepia.es\/index.php\/contacto\/","og_locale":"es_ES","og_type":"article","og_title":"Contacto - La Casa de la Sepia y el Pulpo","og_description":"Bar Restaurante llevado a su m\u00e1xima expresi\u00f3n desde 1984. Cocina tradicional mezclada con la \u00faltima vanguardia","og_url":"https:\/\/casadelasepia.es\/index.php\/contacto\/","og_site_name":"La Casa de la Sepia y el Pulpo","article_publisher":"https:\/\/www.facebook.com\/lacasadelasepiayelpulpo","article_modified_time":"2023-04-28T09:53:39+00:00","og_image":[{"url":"https:\/\/casadelasepia.es\/wp-content\/uploads\/2023\/04\/reservas-villa-del-prado.jpg"}],"twitter_card":"summary_large_image","schema":{"@context":"https:\/\/schema.org","@graph":[{"@type":"WebPage","@id":"https:\/\/casadelasepia.es\/index.php\/contacto\/","url":"https:\/\/casadelasepia.es\/index.php\/contacto\/","name":"Contacto - La Casa de la Sepia y el Pulpo","isPartOf":{"@id":"https:\/\/casadelasepia.es\/#website"},"primaryImageOfPage":{"@id":"https:\/\/casadelasepia.es\/index.php\/contacto\/#primaryimage"},"image":{"@id":"https:\/\/casadelasepia.es\/index.php\/contacto\/#primaryimage"},"thumbnailUrl":"https:\/\/casadelasepia.es\/wp-content\/uploads\/2023\/04\/reservas-villa-del-prado.jpg","datePublished":"2023-03-24T12:39:04+00:00","dateModified":"2023-04-28T09:53:39+00:00","description":"Bar Restaurante llevado a su m\u00e1xima expresi\u00f3n desde 1984. Cocina tradicional mezclada con la \u00faltima vanguardia","breadcrumb":{"@id":"https:\/\/casadelasepia.es\/index.php\/contacto\/#breadcrumb"},"inLanguage":"es","potentialAction":[{"@type":"ReadAction","target":["https:\/\/casadelasepia.es\/index.php\/contacto\/"]}]},{"@type":"ImageObject","inLanguage":"es","@id":"https:\/\/casadelasepia.es\/index.php\/contacto\/#primaryimage","url":"https:\/\/casadelasepia.es\/wp-content\/uploads\/2023\/04\/reservas-villa-del-prado.jpg","contentUrl":"https:\/\/casadelasepia.es\/wp-content\/uploads\/2023\/04\/reservas-villa-del-prado.jpg","width":683,"height":1024},{"@type":"BreadcrumbList","@id":"https:\/\/casadelasepia.es\/index.php\/contacto\/#breadcrumb","itemListElement":[{"@type":"ListItem","position":1,"name":"Portada","item":"https:\/\/casadelasepia.es\/"},{"@type":"ListItem","position":2,"name":"Contacto"}]},{"@type":"WebSite","@id":"https:\/\/casadelasepia.es\/#website","url":"https:\/\/casadelasepia.es\/","name":"La Casa de la Sepia y el Pulpo","description":"Bar Restaurante llevado a su m\u00e1xima expresi\u00f3n desde 1984. Cocina tradicional mezclada con la \u00faltima vanguardia.","publisher":{"@id":"https:\/\/casadelasepia.es\/#organization"},"alternateName":"La Casa de la Sepia y el Pulpo","potentialAction":[{"@type":"SearchAction","target":{"@type":"EntryPoint","urlTemplate":"https:\/\/casadelasepia.es\/?s={search_term_string}"},"query-input":"required name=search_term_string"}],"inLanguage":"es"},{"@type":"Organization","@id":"https:\/\/casadelasepia.es\/#organization","name":"La Casa de la Sepia y el Pulpo","alternateName":"La Casa de la Sepia y el Pulpo","url":"https:\/\/casadelasepia.es\/","logo":{"@type":"ImageObject","inLanguage":"es","@id":"https:\/\/casadelasepia.es\/#\/schema\/logo\/image\/","url":"https:\/\/casadelasepia.es\/wp-content\/uploads\/2023\/03\/la-casa-de-la-sepia-y.jpg","contentUrl":"https:\/\/casadelasepia.es\/wp-content\/uploads\/2023\/03\/la-casa-de-la-sepia-y.jpg","width":450,"height":450,"caption":"La Casa de la Sepia y el Pulpo"},"image":{"@id":"https:\/\/casadelasepia.es\/#\/schema\/logo\/image\/"},"sameAs":["https:\/\/www.facebook.com\/lacasadelasepiayelpulpo","https:\/\/www.instagram.com\/lacasadelasepiayelpulpo\/"]}]}},"_links":{"self":[{"href":"https:\/\/casadelasepia.es\/index.php\/wp-json\/wp\/v2\/pages\/354","targetHints":{"allow":["GET"]}}],"collection":[{"href":"https:\/\/casadelasepia.es\/index.php\/wp-json\/wp\/v2\/pages"}],"about":[{"href":"https:\/\/casadelasepia.es\/index.php\/wp-json\/wp\/v2\/types\/page"}],"author":[{"embeddable":true,"href":"https:\/\/casadelasepia.es\/index.php\/wp-json\/wp\/v2\/users\/1"}],"replies":[{"embeddable":true,"href":"https:\/\/casadelasepia.es\/index.php\/wp-json\/wp\/v2\/comments?post=354"}],"version-history":[{"count":43,"href":"https:\/\/casadelasepia.es\/index.php\/wp-json\/wp\/v2\/pages\/354\/revisions"}],"predecessor-version":[{"id":726,"href":"https:\/\/casadelasepia.es\/index.php\/wp-json\/wp\/v2\/pages\/354\/revisions\/726"}],"wp:attachment":[{"href":"https:\/\/casadelasepia.es\/index.php\/wp-json\/wp\/v2\/media?parent=354"}],"curies":[{"name":"wp","href":"https:\/\/api.w.org\/{rel}","templated":true}]}}