{"id":669,"date":"2023-04-05T11:32:04","date_gmt":"2023-04-05T11:32:04","guid":{"rendered":"https:\/\/casadelasepia.es\/?page_id=669"},"modified":"2023-04-05T11:34:39","modified_gmt":"2023-04-05T11:34:39","slug":"accesibilidad","status":"publish","type":"page","link":"https:\/\/casadelasepia.es\/index.php\/accesibilidad\/","title":{"rendered":"Accesibilidad"},"content":{"rendered":"\t\t<div data-elementor-type=\"wp-page\" data-elementor-id=\"669\" class=\"elementor elementor-669\">\n\t\t\t\t\t\t<section class=\"elementor-section elementor-top-section elementor-element elementor-element-77bb4dd7 elementor-section-full_width elementor-section-height-default elementor-section-height-default wpr-particle-no wpr-jarallax-no wpr-parallax-no wpr-sticky-section-no\" data-id=\"77bb4dd7\" data-element_type=\"section\" data-settings=\"{&quot;background_background&quot;:&quot;classic&quot;}\">\n\t\t\t\t\t\t\t<div class=\"elementor-background-overlay\"><\/div>\n\t\t\t\t\t\t\t<div class=\"elementor-container elementor-column-gap-default\">\n\t\t\t\t\t<div class=\"elementor-column elementor-col-100 elementor-top-column elementor-element elementor-element-cf51e0\" data-id=\"cf51e0\" data-element_type=\"column\">\n\t\t\t<div class=\"elementor-widget-wrap elementor-element-populated\">\n\t\t\t\t\t\t<section class=\"elementor-section elementor-inner-section elementor-element elementor-element-58c5a1cd elementor-section-boxed elementor-section-height-default elementor-section-height-default wpr-particle-no wpr-jarallax-no wpr-parallax-no wpr-sticky-section-no\" data-id=\"58c5a1cd\" data-element_type=\"section\">\n\t\t\t\t\t\t<div class=\"elementor-container elementor-column-gap-default\">\n\t\t\t\t\t<div class=\"elementor-column elementor-col-100 elementor-inner-column elementor-element elementor-element-4bda5f68\" data-id=\"4bda5f68\" data-element_type=\"column\">\n\t\t\t<div class=\"elementor-widget-wrap elementor-element-populated\">\n\t\t\t\t\t\t<div class=\"elementor-element elementor-element-4b85987a elementor-widget elementor-widget-heading\" data-id=\"4b85987a\" data-element_type=\"widget\" data-widget_type=\"heading.default\">\n\t\t\t\t<div class=\"elementor-widget-container\">\n\t\t\t<style>\/*! elementor - v3.21.0 - 08-05-2024 *\/\n.elementor-heading-title{padding:0;margin:0;line-height:1}.elementor-widget-heading .elementor-heading-title[class*=elementor-size-]>a{color:inherit;font-size:inherit;line-height:inherit}.elementor-widget-heading .elementor-heading-title.elementor-size-small{font-size:15px}.elementor-widget-heading .elementor-heading-title.elementor-size-medium{font-size:19px}.elementor-widget-heading .elementor-heading-title.elementor-size-large{font-size:29px}.elementor-widget-heading .elementor-heading-title.elementor-size-xl{font-size:39px}.elementor-widget-heading .elementor-heading-title.elementor-size-xxl{font-size:59px}<\/style><h2 class=\"elementor-heading-title elementor-size-default\">Accesibilidad<\/h2>\t\t<\/div>\n\t\t\t\t<\/div>\n\t\t\t\t<div class=\"elementor-element elementor-element-4cbeeeb1 elementor-widget elementor-widget-text-editor\" data-id=\"4cbeeeb1\" data-element_type=\"widget\" data-widget_type=\"text-editor.default\">\n\t\t\t\t<div class=\"elementor-widget-container\">\n\t\t\t<style>\/*! elementor - v3.21.0 - 08-05-2024 *\/\n.elementor-widget-text-editor.elementor-drop-cap-view-stacked .elementor-drop-cap{background-color:#69727d;color:#fff}.elementor-widget-text-editor.elementor-drop-cap-view-framed .elementor-drop-cap{color:#69727d;border:3px solid;background-color:transparent}.elementor-widget-text-editor:not(.elementor-drop-cap-view-default) .elementor-drop-cap{margin-top:8px}.elementor-widget-text-editor:not(.elementor-drop-cap-view-default) .elementor-drop-cap-letter{width:1em;height:1em}.elementor-widget-text-editor .elementor-drop-cap{float:left;text-align:center;line-height:1;font-size:50px}.elementor-widget-text-editor .elementor-drop-cap-letter{display:inline-block}<\/style>\t\t\t\t<p><span style=\"color: #999999;\"><a style=\"color: #999999;\" href=\"https:\/\/casadelasepia.es\">Inicio<\/a><\/span><\/p>\t\t\t\t\t\t<\/div>\n\t\t\t\t<\/div>\n\t\t\t\t\t<\/div>\n\t\t<\/div>\n\t\t\t\t\t<\/div>\n\t\t<\/section>\n\t\t\t\t\t<\/div>\n\t\t<\/div>\n\t\t\t\t\t<\/div>\n\t\t<\/section>\n\t\t\t\t<section class=\"elementor-section elementor-top-section elementor-element elementor-element-63af2065 elementor-section-boxed elementor-section-height-default elementor-section-height-default wpr-particle-no wpr-jarallax-no wpr-parallax-no wpr-sticky-section-no\" data-id=\"63af2065\" data-element_type=\"section\" data-settings=\"{&quot;background_background&quot;:&quot;classic&quot;}\">\n\t\t\t\t\t\t<div class=\"elementor-container elementor-column-gap-default\">\n\t\t\t\t\t<div class=\"elementor-column elementor-col-100 elementor-top-column elementor-element elementor-element-2a853d67\" data-id=\"2a853d67\" data-element_type=\"column\">\n\t\t\t<div class=\"elementor-widget-wrap elementor-element-populated\">\n\t\t\t\t\t\t<div class=\"elementor-element elementor-element-30c6f202 elementor-widget elementor-widget-spacer\" data-id=\"30c6f202\" data-element_type=\"widget\" data-widget_type=\"spacer.default\">\n\t\t\t\t<div class=\"elementor-widget-container\">\n\t\t\t<style>\/*! elementor - v3.21.0 - 08-05-2024 *\/\n.elementor-column .elementor-spacer-inner{height:var(--spacer-size)}.e-con{--container-widget-width:100%}.e-con-inner>.elementor-widget-spacer,.e-con>.elementor-widget-spacer{width:var(--container-widget-width,var(--spacer-size));--align-self:var(--container-widget-align-self,initial);--flex-shrink:0}.e-con-inner>.elementor-widget-spacer>.elementor-widget-container,.e-con>.elementor-widget-spacer>.elementor-widget-container{height:100%;width:100%}.e-con-inner>.elementor-widget-spacer>.elementor-widget-container>.elementor-spacer,.e-con>.elementor-widget-spacer>.elementor-widget-container>.elementor-spacer{height:100%}.e-con-inner>.elementor-widget-spacer>.elementor-widget-container>.elementor-spacer>.elementor-spacer-inner,.e-con>.elementor-widget-spacer>.elementor-widget-container>.elementor-spacer>.elementor-spacer-inner{height:var(--container-widget-height,var(--spacer-size))}.e-con-inner>.elementor-widget-spacer.elementor-widget-empty,.e-con>.elementor-widget-spacer.elementor-widget-empty{position:relative;min-height:22px;min-width:22px}.e-con-inner>.elementor-widget-spacer.elementor-widget-empty .elementor-widget-empty-icon,.e-con>.elementor-widget-spacer.elementor-widget-empty .elementor-widget-empty-icon{position:absolute;top:0;bottom:0;left:0;right:0;margin:auto;padding:0;width:22px;height:22px}<\/style>\t\t<div class=\"elementor-spacer\">\n\t\t\t<div class=\"elementor-spacer-inner\"><\/div>\n\t\t<\/div>\n\t\t\t\t<\/div>\n\t\t\t\t<\/div>\n\t\t\t\t\t<\/div>\n\t\t<\/div>\n\t\t\t\t\t<\/div>\n\t\t<\/section>\n\t\t\t\t<section class=\"elementor-section elementor-top-section elementor-element elementor-element-4cdf970b elementor-section-boxed elementor-section-height-default elementor-section-height-default wpr-particle-no wpr-jarallax-no wpr-parallax-no wpr-sticky-section-no\" data-id=\"4cdf970b\" data-element_type=\"section\" data-settings=\"{&quot;background_background&quot;:&quot;classic&quot;}\">\n\t\t\t\t\t\t<div class=\"elementor-container elementor-column-gap-default\">\n\t\t\t\t\t<div class=\"elementor-column elementor-col-100 elementor-top-column elementor-element elementor-element-71b2e8c6\" data-id=\"71b2e8c6\" data-element_type=\"column\">\n\t\t\t<div class=\"elementor-widget-wrap elementor-element-populated\">\n\t\t\t\t\t\t<div class=\"elementor-element elementor-element-696e2270 elementor-widget elementor-widget-text-editor\" data-id=\"696e2270\" data-element_type=\"widget\" data-widget_type=\"text-editor.default\">\n\t\t\t\t<div class=\"elementor-widget-container\">\n\t\t\t\t\t\t\t<h2>DECLARACI\u00d3N DE ACCESIBILIDAD<\/h2><p>La presente declaraci\u00f3n de accesibilidad se aplica al sitio web <strong>casadelasepia.es.<\/strong><\/p><h3>SITUACI\u00d3N DE CUMPLIMIENTO<\/h3><p>Este sitio web es parcialmente conforme con el RD 1112\/2018 debido a las excepciones y a la falta de conformidad de los aspectos que se indican en el siguiente punto.<\/p><h3>CONTENIDO NO ACCESIBLE<\/h3><p>El contenido que se recoge a continuaci\u00f3n no es accesible por lo siguiente:<\/p><ul><li>\u00a0Falta de conformidad con el RD 1112\/2018<\/li><\/ul><p>Podr\u00edan existir algunos aspectos de contraste que no cumplan los m\u00ednimos exigidos, 3:1, con respecto a los colores adyacentes del fondo de la secci\u00f3n de la web en cuesti\u00f3n. [9.1.4.11 Contraste no textual].<\/p><p>Podr\u00edan existir algunas etiquetas o instrucciones no etiquetadas correctamente [9.3.3.2 Etiquetas o instrucciones].<\/p><ul><li>\u00a0Podr\u00edan existir fallos puntuales de edici\u00f3n en alguna p\u00e1gina web.<\/li><li>Carga desproporcionada.<\/li><li>No aplica.<\/li><\/ul><h3>PREPARACI\u00d3N DE LA SIGUIENTE DECLARACI\u00d3N DE ACCESIBILIDAD<\/h3><p>El m\u00e9todo empleado para preparar la declaraci\u00f3n ha sido una autoevaluaci\u00f3n llevada a cabo por la propia empresa.<\/p><h3>OBSERVACIONES Y DATOS DE CONTACTO<\/h3><p>Puede realizar comunicaciones sobre requisitos de accesibilidad (art\u00edculo 10.2.a del RD 1112\/2018) como, por ejemplo:<\/p><ul><li>Informar sobre cualquier posible incumplimiento por parte de este sitio web.<\/li><li>Transmitir otras dificultades de acceso al contenido.<\/li><li>Formular cualquier otra consulta o sugerencia de mejora relativa a la accesibilidad del sitio web.<\/li><\/ul><p>A trav\u00e9s del email de contacto <strong>info@casadelasepia.es. <\/strong>Puede presentar:<\/p><ul><li>Queja relativa al cumplimiento de los requisitos del RD 1112\/2018<\/li><li>Solicitud de Informaci\u00f3n accesible relativa a:<ul><li>Contenidos que est\u00e1n excluidos del \u00e1mbito de aplicaci\u00f3n del RD 1112\/2018 seg\u00fan lo establecido por el art\u00edculo 3, apartado 4.<\/li><li>Contenidos que est\u00e1n exentos del cumplimiento de los requisitos de accesibilidad por imponer una carga desproporcionada.<\/li><li>En la Solicitud de informaci\u00f3n accesible, se debe concretar, con toda claridad, los hechos, razones y petici\u00f3n que permitan constatar que se trata de una solicitud razonable y leg\u00edtima.<\/li><li>Las quejas y reclamaciones sobre informaci\u00f3n accesible se realizar\u00e1n a trav\u00e9s del email anterior.<\/li><\/ul><\/li><\/ul><h3>PROCEDIMIENTO DE APLICACI\u00d3N<\/h3><p>Si una vez realizada una solicitud de informaci\u00f3n accesible o queja, \u00e9sta hubiera sido desestimada, no se estuviera de acuerdo con la decisi\u00f3n adoptada, o la respuesta no cumpliera los requisitos contemplados en el art\u00edculo 12.5, la persona interesada podr\u00e1 iniciar una reclamaci\u00f3n. Igualmente se podr\u00e1 iniciar una reclamaci\u00f3n en el caso de que haya transcurrido el plazo de veinte d\u00edas h\u00e1biles sin haber obtenido respuesta.<\/p><p>\u00a0<\/p>\t\t\t\t\t\t<\/div>\n\t\t\t\t<\/div>\n\t\t\t\t\t<\/div>\n\t\t<\/div>\n\t\t\t\t\t<\/div>\n\t\t<\/section>\n\t\t\t\t<\/div>\n\t\t","protected":false},"excerpt":{"rendered":"<p>Accesibilidad Inicio DECLARACI\u00d3N DE ACCESIBILIDAD La presente declaraci\u00f3n de accesibilidad se aplica al sitio web casadelasepia.es. SITUACI\u00d3N DE CUMPLIMIENTO Este sitio web es parcialmente conforme con el RD 1112\/2018 debido a las excepciones y a la falta de conformidad de los aspectos que se indican en el siguiente punto. CONTENIDO NO ACCESIBLE El contenido que [&hellip;]<\/p>\n","protected":false},"author":1,"featured_media":0,"parent":0,"menu_order":0,"comment_status":"closed","ping_status":"closed","template":"elementor_header_footer","meta":{"footnotes":""},"class_list":["post-669","page","type-page","status-publish","hentry"],"yoast_head":"<!-- This site is optimized with the Yoast SEO plugin v22.6 - https:\/\/yoast.com\/wordpress\/plugins\/seo\/ -->\n<title>Accesibilidad - La Casa de la Sepia y el Pulpo<\/title>\n<meta name=\"description\" content=\"Bar Restaurante llevado a su m\u00e1xima expresi\u00f3n desde 1984. Cocina tradicional mezclada con la \u00faltima vanguardia\" \/>\n<meta name=\"robots\" content=\"index, follow, max-snippet:-1, max-image-preview:large, max-video-preview:-1\" \/>\n<link rel=\"canonical\" href=\"https:\/\/casadelasepia.es\/index.php\/accesibilidad\/\" \/>\n<meta property=\"og:locale\" content=\"es_ES\" \/>\n<meta property=\"og:type\" content=\"article\" \/>\n<meta property=\"og:title\" content=\"Accesibilidad - La Casa de la Sepia y el Pulpo\" \/>\n<meta property=\"og:description\" content=\"Bar Restaurante llevado a su m\u00e1xima expresi\u00f3n desde 1984. Cocina tradicional mezclada con la \u00faltima vanguardia\" \/>\n<meta property=\"og:url\" content=\"https:\/\/casadelasepia.es\/index.php\/accesibilidad\/\" \/>\n<meta property=\"og:site_name\" content=\"La Casa de la Sepia y el Pulpo\" \/>\n<meta property=\"article:publisher\" content=\"https:\/\/www.facebook.com\/lacasadelasepiayelpulpo\" \/>\n<meta property=\"article:modified_time\" content=\"2023-04-05T11:34:39+00:00\" \/>\n<meta property=\"og:image\" content=\"https:\/\/casadelasepia.es\/wp-content\/uploads\/2023\/03\/la-casa-de-la-sepia-y.jpg\" \/>\n\t<meta property=\"og:image:width\" content=\"450\" \/>\n\t<meta property=\"og:image:height\" content=\"450\" \/>\n\t<meta property=\"og:image:type\" content=\"image\/jpeg\" \/>\n<meta name=\"twitter:card\" content=\"summary_large_image\" \/>\n<meta name=\"twitter:label1\" content=\"Tiempo de lectura\" \/>\n\t<meta name=\"twitter:data1\" content=\"2 minutos\" \/>\n<script type=\"application\/ld+json\" class=\"yoast-schema-graph\">{\"@context\":\"https:\/\/schema.org\",\"@graph\":[{\"@type\":\"WebPage\",\"@id\":\"https:\/\/casadelasepia.es\/index.php\/accesibilidad\/\",\"url\":\"https:\/\/casadelasepia.es\/index.php\/accesibilidad\/\",\"name\":\"Accesibilidad - La Casa de la Sepia y el Pulpo\",\"isPartOf\":{\"@id\":\"https:\/\/casadelasepia.es\/#website\"},\"datePublished\":\"2023-04-05T11:32:04+00:00\",\"dateModified\":\"2023-04-05T11:34:39+00:00\",\"description\":\"Bar Restaurante llevado a su m\u00e1xima expresi\u00f3n desde 1984. Cocina tradicional mezclada con la \u00faltima vanguardia\",\"breadcrumb\":{\"@id\":\"https:\/\/casadelasepia.es\/index.php\/accesibilidad\/#breadcrumb\"},\"inLanguage\":\"es\",\"potentialAction\":[{\"@type\":\"ReadAction\",\"target\":[\"https:\/\/casadelasepia.es\/index.php\/accesibilidad\/\"]}]},{\"@type\":\"BreadcrumbList\",\"@id\":\"https:\/\/casadelasepia.es\/index.php\/accesibilidad\/#breadcrumb\",\"itemListElement\":[{\"@type\":\"ListItem\",\"position\":1,\"name\":\"Portada\",\"item\":\"https:\/\/casadelasepia.es\/\"},{\"@type\":\"ListItem\",\"position\":2,\"name\":\"Accesibilidad\"}]},{\"@type\":\"WebSite\",\"@id\":\"https:\/\/casadelasepia.es\/#website\",\"url\":\"https:\/\/casadelasepia.es\/\",\"name\":\"La Casa de la Sepia y el Pulpo\",\"description\":\"Bar Restaurante llevado a su m\u00e1xima expresi\u00f3n desde 1984. Cocina tradicional mezclada con la \u00faltima vanguardia.\",\"publisher\":{\"@id\":\"https:\/\/casadelasepia.es\/#organization\"},\"alternateName\":\"La Casa de la Sepia y el Pulpo\",\"potentialAction\":[{\"@type\":\"SearchAction\",\"target\":{\"@type\":\"EntryPoint\",\"urlTemplate\":\"https:\/\/casadelasepia.es\/?s={search_term_string}\"},\"query-input\":\"required name=search_term_string\"}],\"inLanguage\":\"es\"},{\"@type\":\"Organization\",\"@id\":\"https:\/\/casadelasepia.es\/#organization\",\"name\":\"La Casa de la Sepia y el Pulpo\",\"alternateName\":\"La Casa de la Sepia y el Pulpo\",\"url\":\"https:\/\/casadelasepia.es\/\",\"logo\":{\"@type\":\"ImageObject\",\"inLanguage\":\"es\",\"@id\":\"https:\/\/casadelasepia.es\/#\/schema\/logo\/image\/\",\"url\":\"https:\/\/casadelasepia.es\/wp-content\/uploads\/2023\/03\/la-casa-de-la-sepia-y.jpg\",\"contentUrl\":\"https:\/\/casadelasepia.es\/wp-content\/uploads\/2023\/03\/la-casa-de-la-sepia-y.jpg\",\"width\":450,\"height\":450,\"caption\":\"La Casa de la Sepia y el Pulpo\"},\"image\":{\"@id\":\"https:\/\/casadelasepia.es\/#\/schema\/logo\/image\/\"},\"sameAs\":[\"https:\/\/www.facebook.com\/lacasadelasepiayelpulpo\",\"https:\/\/www.instagram.com\/lacasadelasepiayelpulpo\/\"]}]}<\/script>\n<!-- \/ Yoast SEO plugin. -->","yoast_head_json":{"title":"Accesibilidad - La Casa de la Sepia y el Pulpo","description":"Bar Restaurante llevado a su m\u00e1xima expresi\u00f3n desde 1984. Cocina tradicional mezclada con la \u00faltima vanguardia","robots":{"index":"index","follow":"follow","max-snippet":"max-snippet:-1","max-image-preview":"max-image-preview:large","max-video-preview":"max-video-preview:-1"},"canonical":"https:\/\/casadelasepia.es\/index.php\/accesibilidad\/","og_locale":"es_ES","og_type":"article","og_title":"Accesibilidad - La Casa de la Sepia y el Pulpo","og_description":"Bar Restaurante llevado a su m\u00e1xima expresi\u00f3n desde 1984. Cocina tradicional mezclada con la \u00faltima vanguardia","og_url":"https:\/\/casadelasepia.es\/index.php\/accesibilidad\/","og_site_name":"La Casa de la Sepia y el Pulpo","article_publisher":"https:\/\/www.facebook.com\/lacasadelasepiayelpulpo","article_modified_time":"2023-04-05T11:34:39+00:00","og_image":[{"width":450,"height":450,"url":"https:\/\/casadelasepia.es\/wp-content\/uploads\/2023\/03\/la-casa-de-la-sepia-y.jpg","type":"image\/jpeg"}],"twitter_card":"summary_large_image","twitter_misc":{"Tiempo de lectura":"2 minutos"},"schema":{"@context":"https:\/\/schema.org","@graph":[{"@type":"WebPage","@id":"https:\/\/casadelasepia.es\/index.php\/accesibilidad\/","url":"https:\/\/casadelasepia.es\/index.php\/accesibilidad\/","name":"Accesibilidad - La Casa de la Sepia y el Pulpo","isPartOf":{"@id":"https:\/\/casadelasepia.es\/#website"},"datePublished":"2023-04-05T11:32:04+00:00","dateModified":"2023-04-05T11:34:39+00:00","description":"Bar Restaurante llevado a su m\u00e1xima expresi\u00f3n desde 1984. Cocina tradicional mezclada con la \u00faltima vanguardia","breadcrumb":{"@id":"https:\/\/casadelasepia.es\/index.php\/accesibilidad\/#breadcrumb"},"inLanguage":"es","potentialAction":[{"@type":"ReadAction","target":["https:\/\/casadelasepia.es\/index.php\/accesibilidad\/"]}]},{"@type":"BreadcrumbList","@id":"https:\/\/casadelasepia.es\/index.php\/accesibilidad\/#breadcrumb","itemListElement":[{"@type":"ListItem","position":1,"name":"Portada","item":"https:\/\/casadelasepia.es\/"},{"@type":"ListItem","position":2,"name":"Accesibilidad"}]},{"@type":"WebSite","@id":"https:\/\/casadelasepia.es\/#website","url":"https:\/\/casadelasepia.es\/","name":"La Casa de la Sepia y el Pulpo","description":"Bar Restaurante llevado a su m\u00e1xima expresi\u00f3n desde 1984. Cocina tradicional mezclada con la \u00faltima vanguardia.","publisher":{"@id":"https:\/\/casadelasepia.es\/#organization"},"alternateName":"La Casa de la Sepia y el Pulpo","potentialAction":[{"@type":"SearchAction","target":{"@type":"EntryPoint","urlTemplate":"https:\/\/casadelasepia.es\/?s={search_term_string}"},"query-input":"required name=search_term_string"}],"inLanguage":"es"},{"@type":"Organization","@id":"https:\/\/casadelasepia.es\/#organization","name":"La Casa de la Sepia y el Pulpo","alternateName":"La Casa de la Sepia y el Pulpo","url":"https:\/\/casadelasepia.es\/","logo":{"@type":"ImageObject","inLanguage":"es","@id":"https:\/\/casadelasepia.es\/#\/schema\/logo\/image\/","url":"https:\/\/casadelasepia.es\/wp-content\/uploads\/2023\/03\/la-casa-de-la-sepia-y.jpg","contentUrl":"https:\/\/casadelasepia.es\/wp-content\/uploads\/2023\/03\/la-casa-de-la-sepia-y.jpg","width":450,"height":450,"caption":"La Casa de la Sepia y el Pulpo"},"image":{"@id":"https:\/\/casadelasepia.es\/#\/schema\/logo\/image\/"},"sameAs":["https:\/\/www.facebook.com\/lacasadelasepiayelpulpo","https:\/\/www.instagram.com\/lacasadelasepiayelpulpo\/"]}]}},"_links":{"self":[{"href":"https:\/\/casadelasepia.es\/index.php\/wp-json\/wp\/v2\/pages\/669","targetHints":{"allow":["GET"]}}],"collection":[{"href":"https:\/\/casadelasepia.es\/index.php\/wp-json\/wp\/v2\/pages"}],"about":[{"href":"https:\/\/casadelasepia.es\/index.php\/wp-json\/wp\/v2\/types\/page"}],"author":[{"embeddable":true,"href":"https:\/\/casadelasepia.es\/index.php\/wp-json\/wp\/v2\/users\/1"}],"replies":[{"embeddable":true,"href":"https:\/\/casadelasepia.es\/index.php\/wp-json\/wp\/v2\/comments?post=669"}],"version-history":[{"count":4,"href":"https:\/\/casadelasepia.es\/index.php\/wp-json\/wp\/v2\/pages\/669\/revisions"}],"predecessor-version":[{"id":679,"href":"https:\/\/casadelasepia.es\/index.php\/wp-json\/wp\/v2\/pages\/669\/revisions\/679"}],"wp:attachment":[{"href":"https:\/\/casadelasepia.es\/index.php\/wp-json\/wp\/v2\/media?parent=669"}],"curies":[{"name":"wp","href":"https:\/\/api.w.org\/{rel}","templated":true}]}}